{"id":214,"date":"2020-07-22T09:18:41","date_gmt":"2020-07-22T09:18:41","guid":{"rendered":"http:\/\/casilladelpinar.com\/?page_id=214"},"modified":"2026-01-13T19:23:12","modified_gmt":"2026-01-13T19:23:12","slug":"bienvenido-a-la-casilla-del-pinar-de-daroca","status":"publish","type":"page","link":"https:\/\/casilladelpinar.com\/","title":{"rendered":"BIENVENIDO A LA CASILLA DEL PINAR DE DAROCA"},"content":{"rendered":"\n<p>La Casilla del Pinar de Daroca desde 2006 es vivienda de turismo rural. Una casa completa ubicada en el \u00e1rea recreativa del Pinar de Daroca, a 500 metros de las instalaciones de las Brigadas Forestales, y a kil\u00f3metro y medio del casco antiguo de la ciudad de Daroca. De categor\u00eda superior, est\u00e1 preparada para acoger hasta 8\u00a0adultos en su interior. Admite mascotas y dispone de una amplia zona exterior vallada.<\/p>\n\n\n\n<p>N\u00ba de licencia de vivienda de turismo rural VTR-Z- 141 otorgada por el Gobierno de Arag\u00f3n.<\/p>\n\n\n\n<p>Dispone de 3 habitaciones dobles, sal\u00f3n comedor con sof\u00e1-cama, cocina-comedor, dos ba\u00f1os completos, \u00e1rea de juegos infantiles, pista de petanca, barbacoa, huerto, porche, terraza, zona de aparcamiento con posibilidad de recargar coche el\u00e9ctrico en toma de corriente dom\u00e9stica Schuko, y pinar particular de m\u00e1s de 10.000 metros cuadrados, vallado y apto para mascotas y acampada.<\/p>\n\n\n\n<p>Consulte en esta p\u00e1gina <a href=\"http:\/\/casilladelpinar.com\/?page_id=31\">nuestras instalaciones<\/a>, las <a href=\"http:\/\/casilladelpinar.com\/?page_id=52\">rutas y actividades<\/a> que se pueden realizar, la <a href=\"http:\/\/casilladelpinar.com\/?page_id=76\">ubicaci\u00f3n de la vivienda<\/a>,  as\u00ed como <a href=\"http:\/\/casilladelpinar.com\/?page_id=34\">nuestras tarifas<\/a>. <\/p>\n\n\n\n<p>No dude en <a href=\"http:\/\/casilladelpinar.com\/?page_id=9\">ponerse en contacto con nosotros.<\/a><\/p>\n\n\n\n<figure class=\"wp-block-image\"><a href=\"http:\/\/casilladelpinar.com\/?page_id=31\"><img loading=\"lazy\" decoding=\"async\" width=\"1024\" height=\"768\" src=\"http:\/\/casilladelpinar.com\/wp-content\/uploads\/2017\/12\/IMG_20200720_112143-1024x768.jpg\" alt=\"\" class=\"wp-image-177\" srcset=\"https:\/\/casilladelpinar.com\/wp-content\/uploads\/2017\/12\/IMG_20200720_112143-1024x768.jpg 1024w, https:\/\/casilladelpinar.com\/wp-content\/uploads\/2017\/12\/IMG_20200720_112143-300x225.jpg 300w, https:\/\/casilladelpinar.com\/wp-content\/uploads\/2017\/12\/IMG_20200720_112143-768x576.jpg 768w, https:\/\/casilladelpinar.com\/wp-content\/uploads\/2017\/12\/IMG_20200720_112143-624x468.jpg 624w\" sizes=\"auto, (max-width: 1024px) 100vw, 1024px\" \/><\/a><\/figure>\n\n\n\n<p><\/p>\n","protected":false},"excerpt":{"rendered":"<p>La Casilla del Pinar de Daroca desde 2006 es vivienda de turismo rural. Una casa completa ubicada en el \u00e1rea recreativa del Pinar de Daroca, a 500 metros de las instalaciones de las Brigadas Forestales, y a kil\u00f3metro y medio del casco antiguo de la ciudad de Daroca. De categor\u00eda superior, est\u00e1 preparada para acoger hasta 8\u00a0adultos en su interior&#8230;. <a href=\"https:\/\/casilladelpinar.com\/\">Leer m\u00e1s &raquo;<\/a><\/p>\n","protected":false},"author":1,"featured_media":0,"parent":0,"menu_order":0,"comment_status":"closed","ping_status":"closed","template":"","meta":{"ngg_post_thumbnail":0,"footnotes":""},"class_list":["post-214","page","type-page","status-publish","hentry"],"_links":{"self":[{"href":"https:\/\/casilladelpinar.com\/index.php?rest_route=\/wp\/v2\/pages\/214","targetHints":{"allow":["GET"]}}],"collection":[{"href":"https:\/\/casilladelpinar.com\/index.php?rest_route=\/wp\/v2\/pages"}],"about":[{"href":"https:\/\/casilladelpinar.com\/index.php?rest_route=\/wp\/v2\/types\/page"}],"author":[{"embeddable":true,"href":"https:\/\/casilladelpinar.com\/index.php?rest_route=\/wp\/v2\/users\/1"}],"replies":[{"embeddable":true,"href":"https:\/\/casilladelpinar.com\/index.php?rest_route=%2Fwp%2Fv2%2Fcomments&post=214"}],"version-history":[{"count":10,"href":"https:\/\/casilladelpinar.com\/index.php?rest_route=\/wp\/v2\/pages\/214\/revisions"}],"predecessor-version":[{"id":370,"href":"https:\/\/casilladelpinar.com\/index.php?rest_route=\/wp\/v2\/pages\/214\/revisions\/370"}],"wp:attachment":[{"href":"https:\/\/casilladelpinar.com\/index.php?rest_route=%2Fwp%2Fv2%2Fmedia&parent=214"}],"curies":[{"name":"wp","href":"https:\/\/api.w.org\/{rel}","templated":true}]}}